{"id":164,"date":"2024-07-14T01:25:09","date_gmt":"2024-07-14T01:25:09","guid":{"rendered":"https:\/\/wp.framerpeak.com\/construz\/?page_id=164"},"modified":"2026-03-18T11:46:50","modified_gmt":"2026-03-18T11:46:50","slug":"zastita-okolisa","status":"publish","type":"page","link":"https:\/\/aiz.hr\/2026\/zastita-okolisa\/","title":{"rendered":"Za\u0161tita okoli\u0161a"},"content":{"rendered":"\t\t<div data-elementor-type=\"wp-page\" data-elementor-id=\"164\" class=\"elementor elementor-164\">\n\t\t\t\t<div class=\"elementor-element elementor-element-349327b e-flex e-con-boxed e-con e-parent\" data-id=\"349327b\" data-element_type=\"container\" data-e-type=\"container\">\n\t\t\t\t\t<div class=\"e-con-inner\">\n\t\t<div class=\"elementor-element elementor-element-e2b0979 e-con-full e-flex elementor-invisible e-con e-child\" data-id=\"e2b0979\" data-element_type=\"container\" data-e-type=\"container\" data-settings=\"{&quot;animation&quot;:&quot;fadeInDown&quot;}\">\n\t\t\t\t<div class=\"elementor-element elementor-element-89fcb82 elementor-widget elementor-widget-text-editor\" data-id=\"89fcb82\" data-element_type=\"widget\" data-e-type=\"widget\" data-widget_type=\"text-editor.default\">\n\t\t\t\t\t\t\t\t\t<p>Za\u0161tita okoli\u0161a obuhva\u0107a sve mjere i aktivnosti vezane uz spre\u010davanje opasnosti za okoli\u0161, nastanak \u0161teta i\/ili one\u010di\u0161\u0107enja okoli\u0161a, smanjenja i\/ili otklanjanja \u0161tete nanesene okoli\u0161u te povrat okoli\u0161a u stanje prije nastanka \u0161tete.<\/p>\t\t\t\t\t\t\t\t<\/div>\n\t\t\t\t<\/div>\n\t\t\t\t\t<\/div>\n\t\t\t\t<\/div>\n\t\t<div class=\"elementor-element elementor-element-9ceabc1 e-flex e-con-boxed e-con e-parent\" data-id=\"9ceabc1\" data-element_type=\"container\" data-e-type=\"container\">\n\t\t\t\t\t<div class=\"e-con-inner\">\n\t\t<div class=\"elementor-element elementor-element-754c30d e-con-full e-flex elementor-invisible e-con e-child\" data-id=\"754c30d\" data-element_type=\"container\" data-e-type=\"container\" data-settings=\"{&quot;animation&quot;:&quot;fadeInLeft&quot;}\">\n\t\t\t\t<div class=\"elementor-element elementor-element-9c8b9e6 elementor-widget elementor-widget-heading\" data-id=\"9c8b9e6\" data-element_type=\"widget\" data-e-type=\"widget\" data-widget_type=\"heading.default\">\n\t\t\t\t\t<h2 class=\"elementor-heading-title elementor-size-default\">Za\u0161tita okoli\u0161a<\/h2>\t\t\t\t<\/div>\n\t\t\t\t<div class=\"elementor-element elementor-element-e545f1c elementor-widget elementor-widget-image\" data-id=\"e545f1c\" data-element_type=\"widget\" data-e-type=\"widget\" data-widget_type=\"image.default\">\n\t\t\t\t\t\t\t\t\t\t\t\t\t\t\t<img fetchpriority=\"high\" decoding=\"async\" width=\"751\" height=\"420\" src=\"https:\/\/aiz.hr\/2026\/wp-content\/uploads\/2026\/03\/zastita-okolisa-tvtke-1-1024x573.jpg\" class=\"attachment-large size-large wp-image-4651\" alt=\"\" srcset=\"https:\/\/aiz.hr\/2026\/wp-content\/uploads\/2026\/03\/zastita-okolisa-tvtke-1-1024x573.jpg 1024w, https:\/\/aiz.hr\/2026\/wp-content\/uploads\/2026\/03\/zastita-okolisa-tvtke-1-300x168.jpg 300w, https:\/\/aiz.hr\/2026\/wp-content\/uploads\/2026\/03\/zastita-okolisa-tvtke-1-768x430.jpg 768w, https:\/\/aiz.hr\/2026\/wp-content\/uploads\/2026\/03\/zastita-okolisa-tvtke-1-1536x860.jpg 1536w, https:\/\/aiz.hr\/2026\/wp-content\/uploads\/2026\/03\/zastita-okolisa-tvtke-1.jpg 1600w\" sizes=\"(max-width: 751px) 100vw, 751px\" \/>\t\t\t\t\t\t\t\t\t\t\t\t\t\t\t<\/div>\n\t\t\t\t<\/div>\n\t\t<div class=\"elementor-element elementor-element-7bc6d20 e-con-full e-flex elementor-invisible e-con e-child\" data-id=\"7bc6d20\" data-element_type=\"container\" data-e-type=\"container\" data-settings=\"{&quot;animation&quot;:&quot;fadeInRight&quot;}\">\n\t\t\t\t<div class=\"elementor-element elementor-element-d4c5e29 elementor-widget elementor-widget-construz_iconbox\" data-id=\"d4c5e29\" data-element_type=\"widget\" data-e-type=\"widget\" data-widget_type=\"construz_iconbox.default\">\n\t\t\t\t<div class=\"elementor-widget-container\">\n\t\t\t\t\t            <div class=\"process-grid\">\r\n    <div class=\"process-grid-number\">\r\n        01    <\/div>\r\n    <div class=\"process-grid-details\">\r\n                    <h3 class=\"process-grid-title\">\r\n                Vo\u0111enje o\u010devidnika o nastanku i tijeku otpada (obrazac ONTO)            <\/h3>\r\n                \r\n        \r\n    <\/div>\r\n<\/div>\t    \t\t\t\t<\/div>\n\t\t\t\t<\/div>\n\t\t\t\t<div class=\"elementor-element elementor-element-280bdd0 elementor-widget elementor-widget-construz_iconbox\" data-id=\"280bdd0\" data-element_type=\"widget\" data-e-type=\"widget\" data-widget_type=\"construz_iconbox.default\">\n\t\t\t\t<div class=\"elementor-widget-container\">\n\t\t\t\t\t            <div class=\"process-grid\">\r\n    <div class=\"process-grid-number\">\r\n        02    <\/div>\r\n    <div class=\"process-grid-details\">\r\n                    <h3 class=\"process-grid-title\">\r\n                Prijava u Registar one\u010di\u0161\u0107iva\u010da okoli\u0161a ROO            <\/h3>\r\n                \r\n        \r\n    <\/div>\r\n<\/div>\t    \t\t\t\t<\/div>\n\t\t\t\t<\/div>\n\t\t\t\t<div class=\"elementor-element elementor-element-3397b39 elementor-widget elementor-widget-construz_iconbox\" data-id=\"3397b39\" data-element_type=\"widget\" data-e-type=\"widget\" data-widget_type=\"construz_iconbox.default\">\n\t\t\t\t<div class=\"elementor-widget-container\">\n\t\t\t\t\t            <div class=\"process-grid\">\r\n    <div class=\"process-grid-number\">\r\n        03    <\/div>\r\n    <div class=\"process-grid-details\">\r\n                    <h3 class=\"process-grid-title\">\r\n                Stru\u010dna pomo\u0107 kod izrade plana gospodarenja otpadom (obrazac PGO-PO)            <\/h3>\r\n                \r\n        \r\n    <\/div>\r\n<\/div>\t    \t\t\t\t<\/div>\n\t\t\t\t<\/div>\n\t\t\t\t<div class=\"elementor-element elementor-element-e41789f elementor-widget elementor-widget-construz_iconbox\" data-id=\"e41789f\" data-element_type=\"widget\" data-e-type=\"widget\" data-widget_type=\"construz_iconbox.default\">\n\t\t\t\t<div class=\"elementor-widget-container\">\n\t\t\t\t\t            <div class=\"process-grid\">\r\n    <div class=\"process-grid-number\">\r\n        04    <\/div>\r\n    <div class=\"process-grid-details\">\r\n                    <h3 class=\"process-grid-title\">\r\n                Nadzor iz podru\u010dja za\u0161tite okoli\u0161a            <\/h3>\r\n                \r\n        \r\n    <\/div>\r\n<\/div>\t    \t\t\t\t<\/div>\n\t\t\t\t<\/div>\n\t\t\t\t<\/div>\n\t\t\t\t<div class=\"elementor-element elementor-element-f7201e4 e-transform elementor-hidden-tablet elementor-hidden-mobile elementor-widget elementor-widget-heading\" data-id=\"f7201e4\" data-element_type=\"widget\" data-e-type=\"widget\" data-settings=\"{&quot;_transform_rotateZ_effect&quot;:{&quot;unit&quot;:&quot;px&quot;,&quot;size&quot;:-90,&quot;sizes&quot;:[]},&quot;_transform_rotateZ_effect_tablet&quot;:{&quot;unit&quot;:&quot;deg&quot;,&quot;size&quot;:&quot;&quot;,&quot;sizes&quot;:[]},&quot;_transform_rotateZ_effect_mobile&quot;:{&quot;unit&quot;:&quot;deg&quot;,&quot;size&quot;:&quot;&quot;,&quot;sizes&quot;:[]}}\" data-widget_type=\"heading.default\">\n\t\t\t\t\t<h2 class=\"elementor-heading-title elementor-size-default\">BENEFIT<\/h2>\t\t\t\t<\/div>\n\t\t\t\t\t<\/div>\n\t\t\t\t<\/div>\n\t\t<div class=\"elementor-element elementor-element-22244fd e-con-full elementor-hidden-mobile e-flex e-con e-parent\" data-id=\"22244fd\" data-element_type=\"container\" data-e-type=\"container\">\n\t\t<div class=\"elementor-element elementor-element-d473b10 e-con-full e-flex e-con e-child\" data-id=\"d473b10\" data-element_type=\"container\" data-e-type=\"container\">\n\t\t<div class=\"elementor-element elementor-element-25f85da e-con-full e-flex e-con e-child\" data-id=\"25f85da\" data-element_type=\"container\" data-e-type=\"container\" data-settings=\"{&quot;background_background&quot;:&quot;classic&quot;}\">\n\t\t\t\t<div class=\"elementor-element elementor-element-7c69631 elementor-widget__width-inherit elementor-widget elementor-widget-horizontal_shape\" data-id=\"7c69631\" data-element_type=\"widget\" data-e-type=\"widget\" data-widget_type=\"horizontal_shape.default\">\n\t\t\t\t<div class=\"elementor-widget-container\">\n\t\t\t\t\t\n\t\t\t<!-- Image One -->\n\t\t\t\n\t\t\t<!-- Image Two -->\n\t\t\t\t\t\t\t<div class=\"section-animation-shape1-1 animation-infinite\" \n\t\t\t\t\tstyle=\"background-image: url('https:\/\/wp.framerpeak.com\/construz\/wp-content\/uploads\/2024\/08\/global-line-shape1.png');\">\n\t\t\t\t<\/div>\n\t\t\t\n\t\t\t<!-- style one -->\n            \n\t\t\t<!-- style two -->\n            \n\t\t\t<!-- style three -->\n            \n        \t\t\t\t<\/div>\n\t\t\t\t<\/div>\n\t\t\t\t<\/div>\n\t\t\t\t<\/div>\n\t\t\t\t<\/div>\n\t\t\t\t<\/div>\n\t\t\n    <div class=\"xs_social_share_widget xs_share_url after_content \t\tmain_content  wslu-style-1 wslu-share-box-shaped wslu-fill-colored wslu-none wslu-share-horizontal wslu-theme-font-no wslu-main_content\">\n\n\t\t\n        <ul>\n\t\t\t        <\/ul>\n    <\/div> \n","protected":false},"excerpt":{"rendered":"<p>Za\u0161tita okoli\u0161a obuhva\u0107a sve mjere i aktivnosti vezane uz spre\u010davanje opasnosti za okoli\u0161, nastanak \u0161teta i\/ili one\u010di\u0161\u0107enja okoli\u0161a, smanjenja i\/ili otklanjanja \u0161tete nanesene okoli\u0161u te povrat okoli\u0161a u stanje prije nastanka \u0161tete. Za\u0161tita okoli\u0161a 01 Vo\u0111enje o\u010devidnika o nastanku i tijeku otpada (obrazac ONTO) 02 Prijava u Registar one\u010di\u0161\u0107iva\u010da okoli\u0161a ROO 03 Stru\u010dna pomo\u0107 kod&#8230;<\/p>\n","protected":false},"author":1,"featured_media":3966,"parent":0,"menu_order":0,"comment_status":"closed","ping_status":"closed","template":"elementor_header_footer","meta":{"postBodyCss":"","postBodyMargin":[],"postBodyPadding":[],"postBodyBackground":{"backgroundType":"classic","gradient":""},"footnotes":""},"class_list":["post-164","page","type-page","status-publish","has-post-thumbnail","hentry"],"_links":{"self":[{"href":"https:\/\/aiz.hr\/2026\/wp-json\/wp\/v2\/pages\/164","targetHints":{"allow":["GET"]}}],"collection":[{"href":"https:\/\/aiz.hr\/2026\/wp-json\/wp\/v2\/pages"}],"about":[{"href":"https:\/\/aiz.hr\/2026\/wp-json\/wp\/v2\/types\/page"}],"author":[{"embeddable":true,"href":"https:\/\/aiz.hr\/2026\/wp-json\/wp\/v2\/users\/1"}],"replies":[{"embeddable":true,"href":"https:\/\/aiz.hr\/2026\/wp-json\/wp\/v2\/comments?post=164"}],"version-history":[{"count":32,"href":"https:\/\/aiz.hr\/2026\/wp-json\/wp\/v2\/pages\/164\/revisions"}],"predecessor-version":[{"id":4677,"href":"https:\/\/aiz.hr\/2026\/wp-json\/wp\/v2\/pages\/164\/revisions\/4677"}],"wp:featuredmedia":[{"embeddable":true,"href":"https:\/\/aiz.hr\/2026\/wp-json\/wp\/v2\/media\/3966"}],"wp:attachment":[{"href":"https:\/\/aiz.hr\/2026\/wp-json\/wp\/v2\/media?parent=164"}],"curies":[{"name":"wp","href":"https:\/\/api.w.org\/{rel}","templated":true}]}}